{"id":677,"date":"2024-04-05T21:43:18","date_gmt":"2024-04-05T19:43:18","guid":{"rendered":"http:\/\/localhost\/wordpress2\/?page_id=677"},"modified":"2025-08-20T13:52:46","modified_gmt":"2025-08-20T17:52:46","slug":"formulario-de-denuncias","status":"publish","type":"page","link":"https:\/\/pag.senamhi.gob.bo\/index.php\/formulario-de-denuncias\/","title":{"rendered":"Formulario de Denuncias por Hechos de Corrupci\u00f3n"},"content":{"rendered":"<style id=\"wpforms-css-vars-17464-block-9e64dbe1-1096-4911-8af3-e94be1c80b26\">\n\t\t\t\t#wpforms-17464.wpforms-block-9e64dbe1-1096-4911-8af3-e94be1c80b26 {\n\t\t\t\t--wpforms-field-size-input-height: 43px;\n--wpforms-field-size-input-spacing: 15px;\n--wpforms-field-size-font-size: 16px;\n--wpforms-field-size-line-height: 19px;\n--wpforms-field-size-padding-h: 14px;\n--wpforms-field-size-checkbox-size: 16px;\n--wpforms-field-size-sublabel-spacing: 5px;\n--wpforms-field-size-icon-size: 1;\n--wpforms-label-size-font-size: 16px;\n--wpforms-label-size-line-height: 19px;\n--wpforms-label-size-sublabel-font-size: 14px;\n--wpforms-label-size-sublabel-line-height: 17px;\n--wpforms-button-size-font-size: 17px;\n--wpforms-button-size-height: 41px;\n--wpforms-button-size-padding-h: 15px;\n--wpforms-button-size-margin-top: 10px;\n\t\t\t}\n\t\t\t<\/style><div class=\"wpforms-container wpforms-container-full wpforms-block wpforms-block-9e64dbe1-1096-4911-8af3-e94be1c80b26 wpforms-render-modern\" id=\"wpforms-17464\"><form id=\"wpforms-form-17464\" class=\"wpforms-validate wpforms-form wpforms-ajax-form\" data-formid=\"17464\" method=\"post\" enctype=\"multipart\/form-data\" action=\"\/index.php\/wp-json\/wp\/v2\/pages\/677\" data-token=\"8b51ce7219f768b7b13b9770ac8ded2d\" data-token-time=\"1776314242\"><div class=\"wpforms-head-container\"><div class=\"wpforms-title\">Formulario de Denuncias por Hechos de Corrupci\u00f3n<\/div><div class=\"wpforms-description\">Escriba su denuncia<\/div><\/div><noscript class=\"wpforms-error-noscript\">Por favor, activa JavaScript en tu navegador para completar este formulario.<\/noscript><div id=\"wpforms-error-noscript\" style=\"display: none;\">Por favor, activa JavaScript en tu navegador para completar este formulario.<\/div><div class=\"wpforms-field-container\"><div id=\"wpforms-17464-field_1-container\" class=\"wpforms-field wpforms-field-name\" data-field-id=\"1\"><fieldset><legend class=\"wpforms-field-label\">Nombre <span class=\"wpforms-required-label\" aria-hidden=\"true\">*<\/span><\/legend><div class=\"wpforms-field-row wpforms-field-medium\"><div class=\"wpforms-field-row-block wpforms-first wpforms-one-half\"><input type=\"text\" id=\"wpforms-17464-field_1\" class=\"wpforms-field-name-first wpforms-field-required\" name=\"wpforms[fields][1][first]\" aria-errormessage=\"wpforms-17464-field_1-error\" required><label for=\"wpforms-17464-field_1\" class=\"wpforms-field-sublabel after\">Nombre<\/label><\/div><div class=\"wpforms-field-row-block wpforms-one-half\"><input type=\"text\" id=\"wpforms-17464-field_1-last\" class=\"wpforms-field-name-last wpforms-field-required\" name=\"wpforms[fields][1][last]\" aria-errormessage=\"wpforms-17464-field_1-last-error\" required><label for=\"wpforms-17464-field_1-last\" class=\"wpforms-field-sublabel after\">Apellidos<\/label><\/div><\/div><\/fieldset><\/div><div id=\"wpforms-17464-field_2-container\" class=\"wpforms-field wpforms-field-email\" data-field-id=\"2\"><label class=\"wpforms-field-label\" for=\"wpforms-17464-field_2\">Correo electr\u00f3nico <span class=\"wpforms-required-label\" aria-hidden=\"true\">*<\/span><\/label><input type=\"email\" id=\"wpforms-17464-field_2\" class=\"wpforms-field-medium wpforms-field-required\" name=\"wpforms[fields][2]\" spellcheck=\"false\" aria-errormessage=\"wpforms-17464-field_2-error\" required><\/div>\t\t<div id=\"wpforms-17464-field_4-container\"\n\t\t\tclass=\"wpforms-field wpforms-field-text\"\n\t\t\tdata-field-type=\"text\"\n\t\t\tdata-field-id=\"4\"\n\t\t\t>\n\t\t\t<label class=\"wpforms-field-label\" for=\"wpforms-17464-field_4\" >electr\u00f3nico o Correo<\/label>\n\t\t\t<input type=\"text\" id=\"wpforms-17464-field_4\" class=\"wpforms-field-medium\" name=\"wpforms[fields][4]\" >\n\t\t<\/div>\n\t\t<div id=\"wpforms-17464-field_3-container\" class=\"wpforms-field wpforms-field-textarea\" data-field-id=\"3\"><label class=\"wpforms-field-label\" for=\"wpforms-17464-field_3\">Comentario o mensaje<\/label><textarea id=\"wpforms-17464-field_3\" class=\"wpforms-field-medium\" name=\"wpforms[fields][3]\" aria-errormessage=\"wpforms-17464-field_3-error\" ><\/textarea><\/div><script>\n\t\t\t\t( function() {\n\t\t\t\t\tconst style = document.createElement( 'style' );\n\t\t\t\t\tstyle.appendChild( document.createTextNode( '#wpforms-17464-field_4-container { position: absolute !important; overflow: hidden !important; display: inline !important; height: 1px !important; width: 1px !important; z-index: -1000 !important; padding: 0 !important; } #wpforms-17464-field_4-container input { visibility: hidden; } #wpforms-conversational-form-page #wpforms-17464-field_4-container label { counter-increment: none; }' ) );\n\t\t\t\t\tdocument.head.appendChild( style );\n\t\t\t\t\tdocument.currentScript?.remove();\n\t\t\t\t} )();\n\t\t\t<\/script><\/div><!-- .wpforms-field-container --><div class=\"wpforms-submit-container\" ><input type=\"hidden\" name=\"wpforms[id]\" value=\"17464\"><input type=\"hidden\" name=\"page_title\" value=\"\"><input type=\"hidden\" name=\"page_url\" value=\"https:\/\/pag.senamhi.gob.bo\/index.php\/wp-json\/wp\/v2\/pages\/677\"><input type=\"hidden\" name=\"url_referer\" value=\"\"><button type=\"submit\" name=\"wpforms[submit]\" id=\"wpforms-submit-17464\" class=\"wpforms-submit\" data-alt-text=\"Enviando...\" data-submit-text=\"Enviar\" aria-live=\"assertive\" value=\"wpforms-submit\">Enviar<\/button><img decoding=\"async\" src=\"https:\/\/pag.senamhi.gob.bo\/wp-content\/plugins\/wpforms-lite\/assets\/images\/submit-spin.svg\" class=\"wpforms-submit-spinner\" style=\"display: none;\" width=\"26\" height=\"26\" alt=\"Cargando\"><\/div><\/form><\/div>  <!-- .wpforms-container -->\n\n\n<div class=\"wp-block-contact-form-7-contact-form-selector\">\n<div class=\"wpcf7 no-js\" id=\"wpcf7-f17064-o1\" lang=\"es-ES\" dir=\"ltr\" data-wpcf7-id=\"17064\">\n<div class=\"screen-reader-response\"><p role=\"status\" aria-live=\"polite\" aria-atomic=\"true\"><\/p> <ul><\/ul><\/div>\n<form action=\"\/index.php\/wp-json\/wp\/v2\/pages\/677#wpcf7-f17064-o1\" method=\"post\" class=\"wpcf7-form init\" aria-label=\"Formulario de contacto\" novalidate=\"novalidate\" data-status=\"init\">\n<fieldset class=\"hidden-fields-container\"><input type=\"hidden\" name=\"_wpcf7\" value=\"17064\" \/><input type=\"hidden\" name=\"_wpcf7_version\" value=\"6.1.4\" \/><input type=\"hidden\" name=\"_wpcf7_locale\" value=\"es_ES\" \/><input type=\"hidden\" name=\"_wpcf7_unit_tag\" value=\"wpcf7-f17064-o1\" \/><input type=\"hidden\" name=\"_wpcf7_container_post\" value=\"0\" \/><input type=\"hidden\" name=\"_wpcf7_posted_data_hash\" value=\"\" \/>\n<\/fieldset>\n<div class=\"alert alert-secondary d-flex align-items-center\" role=\"alert\">\n\t<p class='pb-0 mb-0'><i class=\"bi bi-exclamation-triangle-fill pe-2\"><\/i>\n\t<\/p>\n\t<div>\n\t\t<p class='pb-0 mb-0'> Los campos marcados con (*) son de llenado obligartorio\n\t\t<\/p>\n\t<\/div>\n<\/div>\n<p><strong>Identificaci\u00f3n del denunciante<\/strong>\n<\/p>\n<p><label> Nombres *<br \/>\n<span class=\"wpcf7-form-control-wrap\" data-name=\"nombre\"><input size=\"40\" maxlength=\"400\" class=\"wpcf7-form-control wpcf7-text wpcf7-validates-as-required form-control fondo-default texto-default\" autocomplete=\"name\" aria-required=\"true\" aria-invalid=\"false\" placeholder=\"Nombres\" value=\"\" type=\"text\" name=\"nombre\" \/><\/span> <\/label>\n<\/p>\n<p><label> Apellidos *<br \/>\n<span class=\"wpcf7-form-control-wrap\" data-name=\"apellido\"><input size=\"40\" maxlength=\"400\" class=\"wpcf7-form-control wpcf7-text wpcf7-validates-as-required form-control fondo-default texto-default\" autocomplete=\"lastname\" aria-required=\"true\" aria-invalid=\"false\" placeholder=\"Apellidos\" value=\"\" type=\"text\" name=\"apellido\" \/><\/span> <\/label>\n<\/p>\n<p><label> Nro. de C\u00e9dula de identidad *<br \/>\n<span class=\"wpcf7-form-control-wrap\" data-name=\"ci\"><input size=\"40\" maxlength=\"400\" class=\"wpcf7-form-control wpcf7-text wpcf7-validates-as-required form-control fondo-default texto-default\" autocomplete=\"ci\" aria-required=\"true\" aria-invalid=\"false\" placeholder=\"Ej. 7047052\" value=\"\" type=\"text\" name=\"ci\" \/><\/span> <\/label>\n<\/p>\n<p><label> Direcci\u00f3n de correo electr\u00f3nico<br \/>\n<span class=\"wpcf7-form-control-wrap\" data-name=\"email\"><input size=\"40\" maxlength=\"400\" class=\"wpcf7-form-control wpcf7-email wpcf7-validates-as-required wpcf7-text wpcf7-validates-as-email form-control fondo-default texto-default\" autocomplete=\"email\" aria-required=\"true\" aria-invalid=\"false\" placeholder=\"ejemplo@dominio.com\" value=\"\" type=\"email\" name=\"email\" \/><\/span> <\/label>\n<\/p>\n<p><strong>Hecho denunciado<\/strong>\n<\/p>\n<p><label> Descripci\u1e55on del hecho *<br \/>\n<span class=\"wpcf7-form-control-wrap\" data-name=\"descripcion\"><textarea cols=\"40\" rows=\"4\" maxlength=\"2000\" class=\"wpcf7-form-control wpcf7-textarea form-control fondo-default texto-default\" aria-invalid=\"false\" placeholder=\"Realice la descripci\u00f3n concreta de la denuncia...\" name=\"descripcion\"><\/textarea><\/span> <\/label><br \/>\n<label> Servidores p\u00fablicos involucrados *<br \/>\n<span class=\"wpcf7-form-control-wrap\" data-name=\"sevidores\"><textarea cols=\"40\" rows=\"4\" maxlength=\"2000\" class=\"wpcf7-form-control wpcf7-textarea form-control fondo-default texto-default\" aria-invalid=\"false\" placeholder=\"Ingrese la lista de los servidores p\u00fablicos involucrados...\" name=\"sevidores\"><\/textarea><\/span> <\/label><br \/>\n<label> Pruebas<br \/>\n<span class=\"wpcf7-form-control-wrap\" data-name=\"prueba\"><textarea cols=\"40\" rows=\"4\" maxlength=\"2000\" class=\"wpcf7-form-control wpcf7-textarea form-control fondo-default texto-default\" aria-invalid=\"false\" placeholder=\"Indique cu\u00e1les ser\u00edan las pruebas y el lugar en el que se encuentran...\" name=\"prueba\"><\/textarea><\/span> <\/label><br \/>\n<label> \u00bfPrensent\u00f3 esta denuncia anteriormente?<br \/>\n<span class=\"wpcf7-form-control-wrap\" data-name=\"antecedente\"><textarea cols=\"40\" rows=\"4\" maxlength=\"2000\" class=\"wpcf7-form-control wpcf7-textarea form-control fondo-default texto-default\" aria-invalid=\"false\" placeholder=\"Si present\u00f3 esta denuncia ante otra entidad o instancia, indique d\u00f3nde la present\u00f3.\" name=\"antecedente\"><\/textarea><\/span> <\/label>\n<\/p>\n<p><input class=\"wpcf7-form-control wpcf7-submit has-spinner btn boton text-white\" type=\"submit\" value=\"Enviar\" \/>\n<\/p><div class=\"wpcf7-response-output\" aria-hidden=\"true\"><\/div>\n<\/form>\n<\/div>\n<\/div>\n","protected":false},"excerpt":{"rendered":"","protected":false},"author":1,"featured_media":0,"parent":0,"menu_order":0,"comment_status":"closed","ping_status":"closed","template":"","meta":{"_acf_changed":false,"footnotes":""},"class_list":["post-677","page","type-page","status-publish","hentry"],"acf":[],"_links":{"self":[{"href":"https:\/\/pag.senamhi.gob.bo\/index.php\/wp-json\/wp\/v2\/pages\/677","targetHints":{"allow":["GET"]}}],"collection":[{"href":"https:\/\/pag.senamhi.gob.bo\/index.php\/wp-json\/wp\/v2\/pages"}],"about":[{"href":"https:\/\/pag.senamhi.gob.bo\/index.php\/wp-json\/wp\/v2\/types\/page"}],"author":[{"embeddable":true,"href":"https:\/\/pag.senamhi.gob.bo\/index.php\/wp-json\/wp\/v2\/users\/1"}],"replies":[{"embeddable":true,"href":"https:\/\/pag.senamhi.gob.bo\/index.php\/wp-json\/wp\/v2\/comments?post=677"}],"version-history":[{"count":4,"href":"https:\/\/pag.senamhi.gob.bo\/index.php\/wp-json\/wp\/v2\/pages\/677\/revisions"}],"predecessor-version":[{"id":17472,"href":"https:\/\/pag.senamhi.gob.bo\/index.php\/wp-json\/wp\/v2\/pages\/677\/revisions\/17472"}],"wp:attachment":[{"href":"https:\/\/pag.senamhi.gob.bo\/index.php\/wp-json\/wp\/v2\/media?parent=677"}],"curies":[{"name":"wp","href":"https:\/\/api.w.org\/{rel}","templated":true}]}}